the value of (-21 - -72) + -26 + -10?
15
What is -3 - (-2 - 5) - (-16 - -14 - -3)?
3
What is the value of 7 + 0 - (1 - (-3 + -4))?
-1
What is 18 + (14 - 2) - 17?
13
Calculate -12 + -9 + 11 + 11 + 2 + 4.
7
Calculate 8 - 0 - (-8 + -9 + (8 - -4)).
13
What is the value of 6 - 1 - (17 + 18) - -15?
-15
Evaluate 2 - 0 - ((528 - 511) + 0 + 1).
-16
Calculate (1 + 12 - (3 - -10)) + (-14 - 0).
-14
Evaluate 8 - (8 + (-3 - 0)).
3
Calculate -1 - (15 - 13) - -2.
-1
Evaluate (29 - 15) + -33 + 13.
-6
What is -18 + -6 + 2 + 2 - (-10 - -2)?
-12
What is -6 + 6 + -2 + 3 + -20 - -6?
-13
Evaluate 6 + (-11 + 10 - -6).
11
What is -5 + (-1 + 4 - (3 + -1 + -2))?
-2
(11 - -16) + -16 - 24
-13
1 + (15 - (-3 + 6 + 0))
13
Evaluate -9 + 25 + -11 + -11.
-6
What is the value of (3 - 15) + (-1 - -2 - -8)?
-3
What is the value of -2 + 23 - (-109 - -124)?
6
8 + (0 + (-1 - -2) - (-28 - -24))
13
Calculate (3 - -1 - -7) + (0 - 8) - 30.
-27
What is 8 + 1 - (3 - 18 - -8)?
16
What is the value of -15 + (-16 - 9) + 41?
1
-11 + 2 - (0 + (9 - 12 - -10))
-16
What is (19 - (-25 - -19)) + -9?
16
What is the value of (2 - 51) + -13 + -13 + 28 + 10?
-37
15 + -12 + -2 + 4 + (-2 - 10)
-7
What is the value of 7 + (-4 - 7) + 7 + (7 - -3)?
13
What is -21 + 22 + (-1 - -12 - 3) - 8?
1
-5 + (21 - 11) + -10
-5
Calculate (1 - 19) + 0 - (24 - 6 - 21).
-15
Calculate 16 - 19 - (0 + (-3 + -1 - -2)).
-1
Calculate (5 - -6) + -3 + 0 - 14 - -4.
-2
Calculate -18 - (10 + (1 - (-5 - -5))).
-29
What is the value of 16 - (7 + -8 + 13)?
4
What is the value of 2 + (-5 + 21 + -2 - 11) + 12?
17
32 + -10 + -9 + -11 + 15
17
What is the value of 6 - (100 - 107 - (1 - 1))?
13
What is (-168 - -165) + 5 + (0 - 0)?
2
What is the value of -2 + 6 + 0 + (-7 - (-3 + 2))?
-2
Calculate (-3 - -13) + 9 + -13 + (-16 - 0).
-10
What is the value of -321 + 333 + (-27 - 1) - 14?
-30
What is 0 - -13 - (8 + 5 + (8 - 15))?
7
What is the value of 10 + -25 + (9 - -11)?
5
What is 20 + (5 + -6 - (18 - 14))?
15
Evaluate -6 + (2 - (-6 + 3 - (-7 + -1))).
-9
Calculate 7 - (20 - (-5 + 8 - -9)).
-1
Evaluate 1 - (6 - (2 - -6)).
3
What is 19 + (0 - -5 - 11)?
13
(-9 - -5) + (7 + 5 - 1)
7
Evaluate 41 + (-16 - (2 + (-6 - 7))).
36
What is the value of (-8 - (13 + -7)) + 12?
-2
What is (-1 - 9) + -1 + 3 - (-55 - -59)?
-12
Evaluate (69 - (81 + -33)) + (-2 - -13).
32
11 - 6 - (4 + 10)
-9
What is the value of -8 + 15 + 12 + -13 + 10?
16
Evaluate (28 - 26 - (-2 - -1)) + -8 - -20.
15
Evaluate 14 + 22 + (11 - 22) + -15.
10
What is the value of (-14 + -2 - -7) + 28 + -3?
16
Evaluate 10 - (14 + -1 + -6).
3
Evaluate 26 - (23 - (1 + -18)).
-14
(-37 - -30 - (-2 + 7 - 3)) + 0
-9
What is 3 + 6 + -18 - (-9 - (0 + -8))?
-8
What is (-18 - -12 - (3 - 3)) + -3?
-9
What is the value of -8 - (8 + -7) - (-22 - 0)?
13
-35 + 40 - (1 - (4 - (-1 - 2)))
11
What is the value of 20 + -24 - (-2 + 1 + 16)?
-19
0 + 24 + (325 - 331)
18
7 - (-4 + -3 + 21) - (-21 - 2)
16
What is the value of -8 - (8 + -10 + -8) - -8?
10
Evaluate 8 + -7 + -7 + -2 + 8.
0
What is (7 - (11 - (6 - -4))) + -15?
-9
21 - (23 - 15 - -19)
-6
Calculate -6 - (-2 + 4) - (-3 + -5 - -4).
-4
Evaluate (8 - (6 - (6 + 4))) + 3 - 6.
9
3 - (8 - -1) - (-1 + 1 - -5)
-11
-21 + -1 - (-13 + (5 - 7) + 8)
-15
51 - 15 - 6 - 17
13
Calculate -4 + -7 + 33 - 6 - 34.
-18
What is the value of -17 - -14 - (3 + (0 - 14) - 1)?
9
What is (7 - (4 + -1 + -4)) + (13 - 13)?
8
What is the value of 1 + -1 - ((-14 - 8) + 15)?
7
Evaluate 7 + -43 + 46 + (-5 - -14).
19
Calculate -57 + 55 + (6 - -1).
5
What is (3 + (-1 - 0) - (2 - 2)) + -1?
1
-4 + (-21 - (7 - 11)) - (-4 - 3)
-14
Calculate (2 - -4) + 2 + (7 - 1).
14
Evaluate -2 - (4 + -2) - (-12 + 7 + 2).
-1
-1 - -4 - 12 - (-6 + (3 - 0))
-6
Evaluate 46 - (-44 + 54) - 39.
-3
7 - (0 + 2) - -2 - (318 - 294)
-17
What is 12 - (4 - (-5 + 6 - 4)) - -2?
7
What is the value of 4 - (8 - (15 + -10 + -2))?
-1
(0 - -2) + (4 - 7 - (7 - 2))
-6
-1 + 6 + (2 + 3 - (8 - -1))
1
Calculate (-229 - -227) + -2 + 5 + -4 + 3.
0
What is 2 + 42 - -1 - (-48 + (-35 - -95))?
33
Evaluate -6 - -13 - 1 - (1 + 13 + -3).
-5
What is 50 - (90 - 46) - (0 + 2 + 23)?
-19
(0 - -2) + (-149 - -157) + 2
12
What is the value of 39 + -33 - ((3 - (3 - 4)) + 13)?
-11
29 + -32 - (-24 + 5)
16
Calculate 6 + (0 - 1 - 0) + -12018 + 11980.
-33
5 - (0 + (-1 + -5 - -55) + -10)
-34
Evaluate -649 + 652 + -1 + -19.
-17
What is the value of (36 + 1 - 66) + 47?
18
Evaluate (0 + 6 - (-53 + 78)) + 8 - -7.
-4
-7 + ((8 - -7) + -11 - 9)
-12
What is the value of (-12 + -6 - -18) + 19 + -2?
17
Evaluate 353 + -387 + 1 + 27.
-6
What is the value of -33 + 5 + 18 + -14?
-24
What is -1 + 1 + (3 + -3 - -4) + -22?
-18
What is the value of (10 - (-20 - -9 - -13)) + 15?
23
What is -12 + -8 + 15 + -3 + 26?
18
Calculate -2 + 1 - 3 - (93 - (-23 + 107)).
-13
2 + -8 + (-210 - -222)
6
Calculate (5 + -7 - (-3 + 10)) + -5 + 25.
11
0 - -8 - -2 - (230 + -229)
9
What is the value of 4 + 27 - 30 - 28?
-27
What is the value of -4 + 1 + -3 + -1 + 8 + -8?
-7
(2 - 3) + -2 - -10 - (55 - 58)
10
4 - (2 - -10) - -6 - (-7 - 1)
6
What is the value of (2 - 11 - -1) + -515 + 525?
2
(-6 - -17) + -16 + -9
-14
What is (-11 - -20 - 0) + -3 + (-8 - 8)?
-10
Evaluate -7 - (-21 + 8 - -4 - 0).
2
What is 0 - ((-1 - -11) + (-11 - (-27 + 9)))?
-17
What is 0 + 1 + -85 + 92 + -1 + 7?
14
Evaluate 0 - (-1 + 19 + 13 + -5 + -10).
-16
What is the value of -22 + (28 - 18) - -25?
13
What is the value of (11 - 1 - -8) + (2 - 0) + -2?
18
Calculate (9 - (10 + -2 + -7)) + -9 - 11.
-12
Calculate (-11 - (-43 + (14 - 12))) + (-2 - 1).
27
What is the value of 0 + 5 + (-13 + 40 + -22 - 26)?
-16
Evaluate 11 - 35 - (19 - 18 - (9 + -1)).
-17
What is 73 - 72 - (1 + -5 + 0)?
5
What is the value of 5 - -15 - (83 + -63)?
0
What is the value of (17 - (58 + -6)) + 5?
-30
Calculate 7 - (6 - 4) - (-2 + (7 - -3)).
-3
What is the value of 373 + -382 - (-22 + 1)?
12
Evaluate -21 - (18 + -11 - 13 - 2).
-13
What is -83 + 66 + (3 - -1) + -13?
-26
Evaluate -8 + -7 + 25 - 31.
-21
14 - (40 + -8 - 23)
5
(-9 - (-17 - -7 - 3)) + (-25 - 0)
-21
Evaluate 19 - (2 + 6 + -3) - (-7 + 6).
15
What is the value of 8 + (-3 - (-1 + -7 + 10))?
3
Evaluate (-2 - -13 - 3) + (-1177 - -1195).
26
Evaluate (2 - 0) + 20 - (181 - 172).
13
26 + -7 + -13 + 6
12
Calculate -16 + (-8 + 1 - -7).
-16
What is 27 - ((-16 - (6 + -26)) + (-1 - 7))?
31
(46 - 11 - -4) + -30
9
(-1 - 12) + (-72 - (-51 - 12))
-22
-32 - (-24 + -11 + 2)
1
What is the value of -13 - (-22 - -18 - (1 + -3))?
-11
What is -8 + (-2 - 5) + (3 - 7) + 2?
-17
What is the value of 17 + (-8 - -38) + -33?
14
7 - 1 - (-17 - -8 - 2)
17
What is the value of -12 + -8 + -14 + 48 + 0?
14
-14 + (-34 + 45 - 2)
-5
(-6 - -7) + -3 + (3 - 0) - -18
19
What is 14 - (-18 - -32) - 20?
-20
Calculate 103 + -144 + 10 + 2.
-29
Evaluate -22 - (39 + -70 + -7).
16
What is the value of 303 + -315 - (-15 + -1) - (-1 - -18)?
-13
Evaluate 722 + -716 + 0 + -35.
-29
What is the value of 0 + 4 + (4 + -6 - 2)?
0
Calculate 21 + -26 - (3 - (3 - 4)).
-9
18 - -1 - (-183 - -208)
-6
What is the value of -3 - (-1 - (7 - 5)) - (1 + 3)?
-4
Evaluate (-34 - -6) + 7 - (-10 - 0) - 3.
-14
What is 8 + (-10 + -1 - (311 + -298))?
-16
Evaluate 46 - (27 + (88 - 44)).
-25
What is the value of (1015 - 995) + 0 + -7?
13
Evaluate (-12 - -17) + -4 + 36 - 13.
24
Evaluate (-55 - -20) + -4 - -37.
-2
Calculate (-1 - (-4 - -6)) + 7 + -18 + 1.
-13
What is the value of -8 + 19 + 7 + -12 - (16 + 7)?
-17
What is the value of -37 + (20 + 1 - (-26 + 21 - -15))?
-26
What is the value of 31 - 35 - (0 + -2) - 3?
-5
Calculate -21 - 4 - (-12 + 17 + -20).
-10
-1 + 0 + 0 + (109 - 124)
-16
Calculate 6 + 1 - -10 - (42 + 7).
-32
What is the value of -14 - (12 + -18 - 21)?
13
Calculate 14 - -10 - (3 - -7).
14
10 + (-1 - 2) - (19 + -43)
31
Evaluate 9 - (-14 + 33 + -17).
7
Evaluate (11 - (15 + -16)) + -12.
0
1 - (-1 + 2 + 2) - (41 - 40)
-3
Calculate -10 - ((-9 + 9 - -8) + -7).
-11
Evaluate 17 + 2 + (-64 - -60).
15
What is the value of -2 - (-3 + -1 + 10 - 2) - 0?
-6
What is the value of -31 + (6 - (-7 - 16))?
-2
What is -7 + (9 + -3 - (-9 - -19))?
-11
25 + (-17 - (-15 + 7 + -4))
20
Evaluate -761 - -749 - (0 + -1 + 0).
-11
Evaluate (8 + -6 + -2 + 6 - 6) + 5.
5
Calculate -10 + -55 + 46 + 2 + -1.
-18
Evaluate 58 + -1 - (632 + -596).
21
Evaluate -16 + (1 - (-15 + 14)) - -3.
-11
What is the value of -16 - (-